{"id":3907,"date":"2019-03-28T13:14:14","date_gmt":"2019-03-28T13:14:14","guid":{"rendered":"http:\/\/dragondriver.com\/cymraeg\/?page_id=3907"},"modified":"2021-01-28T16:04:18","modified_gmt":"2021-01-28T16:04:18","slug":"privatepractice","status":"publish","type":"page","link":"https:\/\/dragondriver.com\/cymraeg\/privatepractice\/","title":{"rendered":"Private Practice"},"content":{"rendered":"<p>[et_pb_section fb_built=&#8221;1&#8243; admin_label=&#8221;Section&#8221; _builder_version=&#8221;3.22&#8243; custom_padding=&#8221;0px||0px|&#8221;][et_pb_row admin_label=&#8221;Row&#8221; _builder_version=&#8221;3.25&#8243; custom_margin=&#8221;0px||0px|&#8221; custom_padding=&#8221;0px||0px|&#8221;][et_pb_column type=&#8221;4_4&#8243; _builder_version=&#8221;3.25&#8243; background_position=&#8221;top_left&#8221; custom_padding=&#8221;|||&#8221; custom_padding__hover=&#8221;|||&#8221;][et_pb_text admin_label=&#8221;Text&#8221; _builder_version=&#8221;4.8.1&#8243; text_orientation=&#8221;right&#8221; border_style=&#8221;solid&#8221;]<\/p>\n<p><a href=\"http:\/\/dragondriver.com\/privatepractice\">English<\/a><\/p>\n<p>[\/et_pb_text][\/et_pb_column][\/et_pb_row][\/et_pb_section][et_pb_section fb_built=&#8221;1&#8243; fullwidth=&#8221;on&#8221; admin_label=&#8221;section&#8221; _builder_version=&#8221;3.22&#8243; background_color=&#8221;#ffb319&#8243; background_image=&#8221;http:\/\/dragondriver.com\/cymraeg\/wp-content\/uploads\/2017\/06\/bannerdash.jpg&#8221; background_position=&#8221;top_center&#8221; custom_padding=&#8221;0px||0px|&#8221;][et_pb_fullwidth_header logo_image_url=&#8221;http:\/\/dragondriver.com\/cymraeg\/wp-content\/uploads\/2017\/06\/logosmall.png&#8221; title_font_color=&#8221;#636363&#8243; subhead_font_color=&#8221;#606060&#8243; disabled_on=&#8221;on|off|&#8221; admin_label=&#8221;Fullwidth Header&#8221; _builder_version=&#8221;3.16&#8243; title_font=&#8221;Lato||||&#8221; title_text_color=&#8221;#636363&#8243; content_font=&#8221;Lato||||&#8221; subhead_font=&#8221;Lato||||&#8221; subhead_text_color=&#8221;#606060&#8243; background_color=&#8221;rgba(255, 255, 255, 0)&#8221; background_layout=&#8221;light&#8221; button_one_letter_spacing_hover=&#8221;0&#8243; button_two_letter_spacing_hover=&#8221;0&#8243; button_one_text_size__hover_enabled=&#8221;off&#8221; button_two_text_size__hover_enabled=&#8221;off&#8221; button_one_text_color__hover_enabled=&#8221;off&#8221; button_two_text_color__hover_enabled=&#8221;off&#8221; button_one_border_width__hover_enabled=&#8221;off&#8221; button_two_border_width__hover_enabled=&#8221;off&#8221; button_one_border_color__hover_enabled=&#8221;off&#8221; button_two_border_color__hover_enabled=&#8221;off&#8221; button_one_border_radius__hover_enabled=&#8221;off&#8221; button_two_border_radius__hover_enabled=&#8221;off&#8221; button_one_letter_spacing__hover_enabled=&#8221;on&#8221; button_one_letter_spacing__hover=&#8221;0&#8243; button_two_letter_spacing__hover_enabled=&#8221;on&#8221; button_two_letter_spacing__hover=&#8221;0&#8243; button_one_bg_color__hover_enabled=&#8221;off&#8221; button_two_bg_color__hover_enabled=&#8221;off&#8221;][\/et_pb_fullwidth_header][\/et_pb_section][et_pb_section fb_built=&#8221;1&#8243; admin_label=&#8221;Section&#8221; _builder_version=&#8221;3.22&#8243; custom_padding=&#8221;0px|0|||false|false&#8221;][et_pb_row column_structure=&#8221;3_4,1_4&#8243; admin_label=&#8221;Row&#8221; _builder_version=&#8221;3.25&#8243; background_size=&#8221;initial&#8221; background_position=&#8221;top_left&#8221; background_repeat=&#8221;repeat&#8221;][et_pb_column type=&#8221;3_4&#8243; _builder_version=&#8221;3.25&#8243; custom_padding=&#8221;|||&#8221; custom_padding__hover=&#8221;|||&#8221;][et_pb_text admin_label=&#8221;Text&#8221; _builder_version=&#8221;4.8.1&#8243; hover_enabled=&#8221;0&#8243; border_style=&#8221;solid&#8221; sticky_enabled=&#8221;0&#8243;]<\/p>\n<h4>Ymarfer Preifat<\/h4>\n<p>Gall fod yn ddefnyddiol ymarfer yn breifat y eich cerbyd eich hunan ar \u00f4l ichi gael eich ychydig o wersi proffesiynol. Ond holwch eich hyfforddwr gyrru yn gyntaf i sicrhau eich bod yn barod. Os oes modd, cofiwch gynnwys y person fydd yn goruchwylio\u2019ch sesiynau ymarfer preifat yn y trafod.<\/p>\n<ul>\n<li>Cyn ichi geisio gyrru, gwnewch yn si\u0175r fod gennych yswiriant ar y cerbyd y byddwch yn ei yrru, p\u2019un a yw\u2019r cerbyd yn perthyn i chi neu beidio, a bod y cerbyd yn ddiogel i\u2019w ddefnyddio ar y ffordd. Hyd yn oed os oes gennych chi yswiriant ar gerbyd arall, peidiwch \u00e2 rhagdybio\u2019n awtomatig fod yr yswiriant hwnnw\u2019n caniat\u00e1u ichi yrru cerbydau eraill \u2013 fydd hynny ddim yn wir yn aml. Gall y rhai sy\u2019n dysgu gyrru gael eu hychwanegu at bolisi sydd eisoes yn bodoli fel arfer. Neu, gallwch brynu yswiriant arbennig i yrrwr sy\u2019n dysgu, sy\u2019n gallu bod yn fwy cost-effeithiol.<\/li>\n<li>Rhaid ichi gael eich goruchwylio gan rywun dros 21 oed sydd \u00e2 thrwydded yrru lawn ers dros dair blynedd ac sydd heb ei anghymhwyso ar hyn o bryd.<\/li>\n<li>Rhaid iddyn nhw sicrhau eu bod yn ffit i yrru, hyd yn oed os byddwch chithau\u2019n gyrru drwy\u2019r amser. Felly, ni ddylai\u2019r naill na\u2019r llall ohonoch fod o dan ddylanwad alcohol neu gyffuriau, na defnyddio ff\u00f4n symudol yn ystod y siwrnai, er enghraifft.<\/li>\n<\/ul>\n<hr \/>\n<h4>Y Gyrrwr sy\u2019n Goruchwylio\u2019r Dysgwr<\/h4>\n<p>Cyn ichi fynd \u00e2 dysgwr allan i ymarfer gyrru, gwnewch yn si\u0175r eich bod yn gyfarwydd \u00e2\u2019r technegau a\u2019r rheolau gyrru diweddaraf. Mae eich profiad ar y ffordd yn bwysig iawn, ond efallai y bydd ambell beth wedi newid ers pan fuoch chi\u2019n dysgu sut i yrru neu efallai eich bod wedi codi arferion gyrru gwael dros amser. Ceisiwch osod esiampl dda wrth yrru bob amser \u2013 os ydych chi&#8217;n disgwyl i\u2019r dysgwr gadw at y terfyn cyflymder a bod yn ystyriol tuag at ddefnyddwyr eraill y ffordd, fe ddylech chithau wneud yr un fath!<\/p>\n<p>Mae&#8217;n bwysig eich bod yn osgoi gwrth-ddweud yr hyn y mae\u2019r hyfforddwr proffesiynol yn ei ddysgu i\u2019r dysgwr, felly mae trafod yn rheolaidd gyda\u2019r Hyfforddwr Gyrru a Gymeradwywyd (ADI) yn fuddiol iawn. Fe allech chi eistedd i mewn ar un neu fwy o wersi hefyd i arsylwi ar yr arferion cyfredol.<\/p>\n<p>Mae\u2019n debyg y bydd gan y dysgwr ryw syniad am rannau o\u2019i waith gyrru, ond mae angen iddo wella. Anogwch y dysgwr i ofyn i\u2019r hyfforddwr ar ddiwedd pob gwers beth y dylai ymarfer cyn y wers nesaf.<\/p>\n<p>Mae\u2019n bosibl y byddwch chi hyd yn oed am gael ambell wers loywi eich hunan, gydag ADI, i baratoi neu efallai y gallech ystyried ymuno \u00e2 gr\u0175p lleol i yrwyr uwch fel <a href=\"http:\/\/www.roadar.org\/\">Gyrwyr a Reidwyr Uwch RoSPA<\/a> neu <a href=\"https:\/\/www.iamroadsmart.com\/\">IAMRoadSmart<\/a>.<\/p>\n<p><em>Cofiwch:\u00a0 Gwnewch yn si\u0175r eich bod chi\u2019ch dau yn gyfarwydd ag argraffiad diweddaraf Rheolau\u2019r Ffordd Fawr \u2013 fe allan nhw fod wedi newid ers y tro diwethaf i chi eu darllen. Mae Rheolau\u2019r Ffordd Fawr ar gael i\u2019w prynu mewn siopau llyfrau neu yn rhad ac am ddim ar-lein <\/em><a href=\"http:\/\/www.gov.uk\/highway-code\"><em>yma<\/em><\/a><em>.<\/em><\/p>\n<hr \/>\n<p>Ar y Ffordd<\/p>\n<p>Ceisiwch gynllunio\u2019ch llwybr ymlaen llaw bob amser cyn ymadael \u2013 mae angen i\u2019r ddau ohonoch wybod bod y ffyrdd y byddwch yn gyrru arnyn nhw\u2019n addas i chi, yn arbennig am nad oes rheolaeth ddeuol ar y cerbyd.\u00a0 Wrth ichi ennill profiad, fe allech benderfynu gyrru liw nos neu ar ffyrdd mwy prysur, ond daliwch ati i drafod eich cynnydd gyda\u2019ch hyfforddwr gyrru \u2013 nhw yw\u2019r arbenigwyr. Ffordd wych i gynyddu\u2019ch amser ymarfer hefyd yw gyrru ar siwrneiau rheolaidd, fel mynd i\u2019r siopau neu i ymweld \u00e2\u2019r teulu. Gall hyn deimlo fel llai o wers a bod yn llawer mwy realistig.<\/p>\n<p>Bydd mynd ati\u2019n bwyllog yn golygu bod y broses yn llawer haws i\u2019r ddau ohonoch. Neilltuwch amser penodedig at ymarfer yn breifat fel na fydd y naill na\u2019r llall ohonoch yn teimlo brys neu bwysau. Pwyllwch wrth sgwrsio ac wrth roi cyfarwyddiadau, a pheidiwch \u00e2 goryrru.\u00a0 Cymerwch saib i drafod yr hyn sydd wedi cael ei ymarfer ac i adolygu\u2019ch sesiwn a\u2019r cynnydd yn gyffredinol.<\/p>\n<p>I gael cyngor RoSPA ar sut i reoli sesiwn ymarfer gyrru, cliciwch <a href=\"http:\/\/www.helpingldrivers.com\/private-practice\/during-a-practice-drive\/\">yma<\/a>.<\/p>\n<p><em>Cofiwch: Chewch chi ddim ymarfer yn breifat ar y draffordd. Dim ond mewn gwersi proffesiynol gyda Hyfforddwr Gyrru a Gymeradwywyd y mae hyn yn cael ei ganiat\u00e1u.<\/em><\/p>\n<hr \/>\n<p>Adborth<\/p>\n<p>Mae siarad am y gyrru\u2019n rhan bwysig o\u2019r broses ddysgu. Trafodwch beth sydd wedi digwydd a sut y cafodd sefyllfaoedd eu trin a\u2019u trafod ar y ffordd.<\/p>\n<p>Myfyriwch ar elfennau cadarnhaol y sesiwn, ac os oes rhywbeth sydd heb fod mor dda siaradwch am yr hyn a allai gael ei wneud y tro nesaf er mwyn ymdrin yn fwy effeithiol \u00e2\u2019r sefyllfa.<\/p>\n<p>Does neb yn berffaith ar unwaith. Mae gwallau a beiau yn rhan o\u2019r broses ddysgu a bydd trafod sut i wella\u2019r tro nesaf yn helpu.<\/p>\n<p>I gael rhagor o wybodaeth am ddysgu gyrru, ewch i\u2019r gwefannau a ganlyn:<\/p>\n<ul>\n<li><a href=\"https:\/\/www.safedrivingforlife.info\/\">Safe Driving for Life<\/a> \u2013 Gwefan dysgu gyrru sydd wedi\u2019i llunio gyda\u2019r DVSA<\/li>\n<li><a href=\"http:\/\/www.helpingldrivers.com\/\">Helping L Drivers<\/a> \u2013 Helpu pobl ifanc i ddysgu gyrru a reidio\u2019n ddiogel<\/li>\n<li><a href=\"http:\/\/www.yourdrivinglicence.co.uk\/\">Your Driving Licence<\/a> \u2013 Sut i sicrhau trwydded yrru a\u2019i chadw.<\/li>\n<li><a href=\"http:\/\/www.smartdriving.co.uk\/\">Smart Driving<\/a>\u00a0\u2013 I yrwyr, pobl sy\u2019n dysgu a phobl sy\u2019n hyfforddi dysgwyr.<\/li>\n<\/ul>\n<p>&nbsp;<\/p>\n<p>[\/et_pb_text][\/et_pb_column][et_pb_column type=&#8221;1_4&#8243; _builder_version=&#8221;3.25&#8243; custom_padding=&#8221;|||&#8221; custom_padding__hover=&#8221;|||&#8221;][et_pb_image src=&#8221;http:\/\/dragondriver.com\/cymraeg\/wp-content\/uploads\/2019\/03\/first-car.jpg&#8221; align_tablet=&#8221;center&#8221; align_phone=&#8221;&#8221; align_last_edited=&#8221;on|desktop&#8221; admin_label=&#8221;Image&#8221; _builder_version=&#8221;3.23&#8243; border_style=&#8221;solid&#8221; animation=&#8221;off&#8221; sticky=&#8221;off&#8221;][\/et_pb_image][et_pb_image src=&#8221;http:\/\/dragondriver.com\/cymraeg\/wp-content\/uploads\/2019\/03\/cruise-control.jpg&#8221; align_tablet=&#8221;center&#8221; align_phone=&#8221;&#8221; align_last_edited=&#8221;on|desktop&#8221; admin_label=&#8221;Image&#8221; _builder_version=&#8221;3.23&#8243; border_style=&#8221;solid&#8221; animation=&#8221;off&#8221; sticky=&#8221;off&#8221;][\/et_pb_image][et_pb_image src=&#8221;http:\/\/dragondriver.com\/cymraeg\/wp-content\/uploads\/2019\/03\/car-5.jpg&#8221; align_tablet=&#8221;center&#8221; align_phone=&#8221;&#8221; align_last_edited=&#8221;on|desktop&#8221; admin_label=&#8221;Image&#8221; _builder_version=&#8221;3.23&#8243; border_style=&#8221;solid&#8221; animation=&#8221;off&#8221; sticky=&#8221;off&#8221;][\/et_pb_image][et_pb_image src=&#8221;http:\/\/dragondriver.com\/cymraeg\/wp-content\/uploads\/2017\/07\/Speedo.jpg&#8221; align_tablet=&#8221;center&#8221; align_phone=&#8221;&#8221; align_last_edited=&#8221;on|desktop&#8221; admin_label=&#8221;Image&#8221; _builder_version=&#8221;3.23&#8243; border_style=&#8221;solid&#8221; animation=&#8221;off&#8221; sticky=&#8221;off&#8221;][\/et_pb_image][et_pb_image src=&#8221;http:\/\/dragondriver.com\/cymraeg\/wp-content\/uploads\/2019\/03\/cyclist3.jpg&#8221; align_tablet=&#8221;center&#8221; align_phone=&#8221;&#8221; align_last_edited=&#8221;on|desktop&#8221; admin_label=&#8221;Image&#8221; _builder_version=&#8221;3.23&#8243; border_style=&#8221;solid&#8221; animation=&#8221;off&#8221; sticky=&#8221;off&#8221;][\/et_pb_image][et_pb_image src=&#8221;http:\/\/dragondriver.com\/cymraeg\/wp-content\/uploads\/2019\/03\/20160526_083613-1024&#215;512.jpg&#8221; align_tablet=&#8221;center&#8221; align_phone=&#8221;&#8221; align_last_edited=&#8221;on|desktop&#8221; admin_label=&#8221;Image&#8221; _builder_version=&#8221;3.23&#8243; border_style=&#8221;solid&#8221; animation=&#8221;off&#8221; sticky=&#8221;off&#8221;][\/et_pb_image][et_pb_image src=&#8221;http:\/\/dragondriver.com\/cymraeg\/wp-content\/uploads\/2019\/03\/drl2.jpg&#8221; align_tablet=&#8221;center&#8221; align_phone=&#8221;&#8221; align_last_edited=&#8221;on|desktop&#8221; admin_label=&#8221;Image&#8221; _builder_version=&#8221;3.23&#8243; border_style=&#8221;solid&#8221; animation=&#8221;off&#8221; sticky=&#8221;off&#8221;][\/et_pb_image][et_pb_image src=&#8221;http:\/\/dragondriver.com\/cymraeg\/wp-content\/uploads\/2019\/03\/20160901_150929-1024&#215;512.jpg&#8221; align_tablet=&#8221;center&#8221; align_phone=&#8221;&#8221; align_last_edited=&#8221;on|desktop&#8221; admin_label=&#8221;Image&#8221; _builder_version=&#8221;3.23&#8243; border_style=&#8221;solid&#8221; animation=&#8221;off&#8221; sticky=&#8221;off&#8221;][\/et_pb_image][et_pb_image src=&#8221;http:\/\/dragondriver.com\/cymraeg\/wp-content\/uploads\/2019\/03\/car-6.png&#8221; align_tablet=&#8221;center&#8221; align_phone=&#8221;&#8221; align_last_edited=&#8221;on|desktop&#8221; admin_label=&#8221;Image&#8221; _builder_version=&#8221;3.23&#8243; border_style=&#8221;solid&#8221; animation=&#8221;off&#8221; sticky=&#8221;off&#8221;][\/et_pb_image][et_pb_image src=&#8221;http:\/\/dragondriver.com\/cymraeg\/wp-content\/uploads\/2019\/03\/Roadworks-with-Lights-1024&#215;512.jpg&#8221; align_tablet=&#8221;center&#8221; align_phone=&#8221;&#8221; align_last_edited=&#8221;on|desktop&#8221; admin_label=&#8221;Image&#8221; _builder_version=&#8221;3.23&#8243; border_style=&#8221;solid&#8221; animation=&#8221;off&#8221; sticky=&#8221;off&#8221;][\/et_pb_image][\/et_pb_column][\/et_pb_row][\/et_pb_section]<\/p>\n","protected":false},"excerpt":{"rendered":"<p>EnglishYmarfer Preifat Gall fod yn ddefnyddiol ymarfer yn breifat y eich cerbyd eich hunan ar \u00f4l ichi gael eich ychydig o wersi proffesiynol. Ond holwch eich hyfforddwr gyrru yn gyntaf i sicrhau eich bod yn barod. Os oes modd, cofiwch gynnwys y person fydd yn goruchwylio\u2019ch sesiynau ymarfer preifat yn y trafod. Cyn ichi geisio [&hellip;]<\/p>\n","protected":false},"author":2,"featured_media":0,"parent":0,"menu_order":0,"comment_status":"closed","ping_status":"closed","template":"","meta":{"_et_pb_use_builder":"on","_et_pb_old_content":"","_et_gb_content_width":"","footnotes":""},"class_list":["post-3907","page","type-page","status-publish","hentry"],"_links":{"self":[{"href":"https:\/\/dragondriver.com\/cymraeg\/wp-json\/wp\/v2\/pages\/3907","targetHints":{"allow":["GET"]}}],"collection":[{"href":"https:\/\/dragondriver.com\/cymraeg\/wp-json\/wp\/v2\/pages"}],"about":[{"href":"https:\/\/dragondriver.com\/cymraeg\/wp-json\/wp\/v2\/types\/page"}],"author":[{"embeddable":true,"href":"https:\/\/dragondriver.com\/cymraeg\/wp-json\/wp\/v2\/users\/2"}],"replies":[{"embeddable":true,"href":"https:\/\/dragondriver.com\/cymraeg\/wp-json\/wp\/v2\/comments?post=3907"}],"version-history":[{"count":9,"href":"https:\/\/dragondriver.com\/cymraeg\/wp-json\/wp\/v2\/pages\/3907\/revisions"}],"predecessor-version":[{"id":4046,"href":"https:\/\/dragondriver.com\/cymraeg\/wp-json\/wp\/v2\/pages\/3907\/revisions\/4046"}],"wp:attachment":[{"href":"https:\/\/dragondriver.com\/cymraeg\/wp-json\/wp\/v2\/media?parent=3907"}],"curies":[{"name":"wp","href":"https:\/\/api.w.org\/{rel}","templated":true}]}}